
Suppose -5*x + 5221 = 4*t, 2*t - 2609 = 2*x - 3*x. List the prime factors of t.
2, 163
Let o be (-68 - 4) + (4 - 2 - 5). Let d = -73 - o. What are the prime factors of d?
2
Suppose 0 = 25*k - 11*k - 4816. Suppose 4*j = 100 + k. List the prime factors of j.
3, 37
Let b(d) = 26*d + 11. Let z(s) = -2*s**3 - 4*s**2 - s + 2. Let g be z(-1). What are the prime factors of b(g)?
37
Let d = -13 + 9. Let o be (-14 + 2)/(3/d). What are the prime factors of (-8)/o + (-61)/(-2)?
2, 3, 5
Let t(i) = -i**2 + 15*i + 2. Let n be t(15). Suppose 15 = n*j + j, -3*y + j + 172 = 0. List the prime factors of y.
59
Let z be (-3)/(-9)*(-1 + -2). Let f be (0 - z/(-2))*36. What are the prime factors of 3/(((-21)/f)/7)?
2, 3
List the prime factors of -5*(-1)/1 + 5329.
2, 3, 7, 127
Let s = -2808 - -4327. What are the prime factors of s?
7, 31
Suppose 2*u = 6*u - 8. Let k(c) = -c**3 - 2*c**2 + c - 4. Let t be k(-4). Suppose -j = -u*j + t. What are the prime factors of j?
2, 3
Suppose 3*d - 19 + 3 = -s, 4*s - 4 = 3*d. Suppose -d*f + 8 = -5*f. Let v = 11 + f. What are the prime factors of v?
3
Let m(q) = q + 4. Let g be m(3). Suppose -k + 3*n = -55, -4*n - 145 = -4*k - g*n. What are the prime factors of k?
2, 5
Let b(u) = -2*u - 10. Let i be b(-11). Suppose -4*p = -5*t - i, 5 + 1 = 2*p. Suppose t*k - 29 = -k. What are the prime factors of k?
29
Let c(l) = l + 18. Suppose -26 = 3*u + 13. What are the prime factors of c(u)?
5
Suppose -8300 = -4*v - 3*m, -3*v + 9*m = 11*m - 6224. List the prime factors of v.
2, 7, 37
Let s(j) = -207*j + 150. What are the prime factors of s(-6)?
2, 3, 29
Suppose 2*u - 460 = -2*x, -3*u + 4*x = x - 678. List the prime factors of u.
2, 3, 19
Let k be (15/9)/5*(3 + 30). Suppose -k*t + 663 = -8*t. List the prime factors of t.
13, 17
Let z(o) = 6*o**2 + 19*o + 39. What are the prime factors of z(-12)?
3, 5
Suppose 26*q - 15*q - 6479 = 0. List the prime factors of q.
19, 31
Let u be 4/(-10) - (-2508)/95. What are the prime factors of 0/15 - u*-1?
2, 13
Let x(k) = 0*k**2 + k**2 + 0*k**2 - 8 - 11*k. Let y be x(12). What are the prime factors of (-30)/y*16/(-20)?
2, 3
Suppose 1483 + 659 = 6*q. What are the prime factors of q?
3, 7, 17
Let x = 2895 + -1184. What are the prime factors of x?
29, 59
Let c be (-2 + (-350)/(-4))/(9/18). Let m = -75 + c. List the prime factors of m.
2, 3
Suppose -10*y + 6*y = -420. Suppose -q + 3*p - 7*p + 2 = 0, 5*q = -p + y. List the prime factors of q.
2, 11
Suppose 4*j + 4*i - 644 = 0, 14*i = -5*j + 15*i + 823. What are the prime factors of j?
2, 41
What are the prime factors of 40/30*2658/8?
443
Suppose 2 = 2*d - 26. Let n be (2 - 2)*(-7)/d. Suppose n = -3*q + q - 2*u + 16, -2*q + 4*u = 14. List the prime factors of q.
3
Let v(f) = f**3 - 4*f**2 - 2*f + 5. Let a be v(5). Suppose -a = -8*s + 3*s. Suppose s*n - 149 = -21. What are the prime factors of n?
2
Let k = 972 + 52. What are the prime factors of k?
2
Suppose 9*m - 4700 - 17134 = 0. List the prime factors of m.
2, 1213
Let m be (-3)/(6/32) - (-2 - -2). Let p = m + 34. List the prime factors of p.
2, 3
Suppose 5*y - 25 = 3*i, i - 3 + 8 = y. Let m(k) = -4 + 2*k + 3 - 2 + i. What are the prime factors of m(9)?
3, 5
Suppose -2*r - 2*r = -20. Let o be (0 + 129/(-9))/(6/(-18)). Suppose -r*l - 8 = -o. What are the prime factors of l?
7
Suppose -5*s + 7926 = 3021. What are the prime factors of s?
3, 109
Let k = 57 - -7. Suppose 2*o - k = -4. List the prime factors of o.
2, 3, 5
Let j = 12 - 9. Suppose -j*c + 8 = 2. Suppose g + 55 + 3 = 2*o, c*o = -5*g + 34. List the prime factors of o.
3
Let x(v) = 25*v - 13. Suppose -i + 6*i = -10, 4*m + 2 = -5*i. What are the prime factors of x(m)?
37
Suppose -78 = -2*h - 8. Suppose -2*d - t - 4*t = 19, 4*t = 5*d - h. Suppose d*r = r + 3*o + 49, 0 = -3*r - o + 79. List the prime factors of r.
2, 13
Suppose 0 = -5*n + 2*f + 3970, 0 = -2*f - 6*f. What are the prime factors of n?
2, 397
Let u(t) = -t**3 + 9*t**2 + 19. Let s be u(9). Let w = s - 15. List the prime factors of w.
2
List the prime factors of (-10)/(80/276)*-22.
3, 11, 23
Suppose 2*j + 3*u = 113, 4*u + 92 - 260 = -3*j. Let z = 5 + -1. Suppose j = z*k + 4. List the prime factors of k.
2, 3
Let u(o) = -3*o - 9. Let l be u(-3). Suppose -5*h = -l*h - 85. What are the prime factors of h?
17
Suppose 105 = -3*y + 8*y. Let h = 32 - y. What are the prime factors of h?
11
Let x(v) = 7*v + 35. Let p be x(-15). What are the prime factors of ((-14)/(-4))/(5*(-1)/p)?
7
Let h = 1251 - 636. List the prime factors of h.
3, 5, 41
Let d(r) be the first derivative of -29*r**2/2 - 3*r - 6. List the prime factors of d(-3).
2, 3, 7
Let l(r) = -13*r - 1. Let q(m) = -m + 1. Let p(y) = -l(y) + 6*q(y). Let n be p(-9). Let b = -33 - n. What are the prime factors of b?
23
Let s(t) = 4*t - 12. Let q be s(8). Suppose -52 - 3 = -5*l + w, -l + 4*w + 30 = 0. Suppose 2*h - p - l - 21 = 0, -2*p - q = -h. List the prime factors of h.
2, 7
List the prime factors of 61/((-6)/(-51) + (-10)/(-204)).
2, 3, 61
Suppose 3*m = -7182 + 18. Let a be m/(-54) + (-2)/9. Suppose -4*h = -0*h - a. List the prime factors of h.
11
Let i = 566 - 306. List the prime factors of i.
2, 5, 13
Suppose -p - 4*j = -0*p - 1381, -2*j - 1387 = -p. List the prime factors of p.
5, 277
Let o(z) be the second derivative of z**5/60 - 7*z**3/6 + 4*z**2 + z. Let d(j) be the first derivative of o(j). What are the prime factors of d(-5)?
2, 3
Let u = 405 - 315. List the prime factors of u.
2, 3, 5
Let m = 37 + -36. What are the prime factors of 132 - ((-9)/12)/(m/4)?
3, 5
List the prime factors of (-2)/(-5) + (-4248)/(-180).
2, 3
Suppose 971 = 5*m + 2*a, 0 = 2*m - 6*a + 3*a - 377. Suppose s = -3*g + m, -6*g + g - 2*s = -320. What are the prime factors of g?
2, 3, 11
Suppose -5*l + 2*t - 1389 = 6*t, -l + 3*t = 274. Let q = l + 411. What are the prime factors of q?
2, 67
Let s(f) = -f**2 - 14*f - 42. Let b be s(-9). Suppose b*r - 129 = 222. What are the prime factors of r?
3, 13
Suppose v - 5 + 0 = 0. List the prime factors of v/(-1)*(-8)/40*32.
2
Suppose -464 = h - 4*h + 2*r, 4*h - 612 = 4*r. List the prime factors of h.
2, 79
Suppose 4*q - 259 = -11. Let t be 1 - 0/2 - 33. Let m = t + q. List the prime factors of m.
2, 3, 5
Suppose 2866 - 228 = 2*b. What are the prime factors of b?
1319
Let j(a) = 1. Let n(r) = -5*r - 18. Let d(o) = 6*j(o) + 2*n(o). What are the prime factors of d(-17)?
2, 5, 7
Suppose k = 4*k - 3*w - 54, -5*k + 98 = -3*w. List the prime factors of 4/k + (-7252)/(-44).
3, 5, 11
Let x = 1243 + -418. List the prime factors of x.
3, 5, 11
Let x(r) = -27*r + 1. Let y be x(-5). Let b = -206 + y. What are the prime factors of ((-4)/(-5))/((-2)/b)?
2, 7
Suppose -2*l + 2 = -3*u, l - 12 = -2*u - l. Let z(f) = -30*f + 161. Let q be z(20). What are the prime factors of u/9 + q/(-9)?
7
Suppose -m - 5*a = 27, -6*a - 16 = -2*a. Let c(h) = -h**3 - 6*h**2 + 2*h + 10. What are the prime factors of c(m)?
3, 5
Let b = 39 + -18. What are the prime factors of ((-572)/(-66))/(2/b)?
7, 13
Suppose -7*b + 12*b - 10 = 0. Suppose i - 14 = -5*g, -g - b*g - 5*i = -26. List the prime factors of g.
2
Let v be 3 + (0 - (-2 - -5)). Let z = -24 + v. List the prime factors of ((-81)/36)/(2/z).
3
Suppose -84 - 63 = 3*b. Let m = 33 + b. What are the prime factors of m/4*-1 - -3?
7
Let a be (-40)/(4 + 0)*3/3. Let d = -5 - -21. Let o = d + a. What are the prime factors of o?
2, 3
Suppose -w = -4*w. Suppose k - 228 = -5*j, -3*j + 4*k + w = -146. List the prime factors of j.
2, 23
Let h = 16 + -8. Suppose 3*x - 2*c - 73 = -17, 0 = x + 2*c - h. List the prime factors of x.
2
Let f(a) = a**2 + 12*a + 3. Let j be f(-13). Suppose -j = -4*q - 0. What are the prime factors of 15/q*32/6?
2, 5
Let n be -10*(-12)/16*2. Suppose s - n = -4*s. Suppose 0 = -4*k - y + 24 + 57, 0 = -s*y + 15. List the prime factors of k.
19
Let b(f) = f**3 + 60*f**2 - 147*f - 155. What are the prime factors of b(-62)?
31, 41
List the prime factors of (-266)/(-931) - 17904/(-7).
2, 1279
Let q(f) = 2*f**2 + 75*f + 69. What are the prime factors of q(-53)?
2, 107
Let y be (-3)/4 + (-3)/(-4). Suppose -2*s + 4*t + 2 = 12, y = -t + 4. Suppose 0*b + 3*b - 4*u - 32 = 0, -27 = -3*b + s*u. List the prime factors of b.
2
Let c = 0 + 25. Suppose 0 = -4*o + 9*o - c. Suppose o*j - 95 = -0*j. List the prime factors of j.
1